028 + -34438. What is the hundreds digit of s?
5
Let s(a) be the third derivative of -20*a**2 + 0 + 23/6*a**3 + 0*a - 1/4*a**4. What is the units digit of s(-10)?
3
Let y(s) be the first derivative of -s - 27 + 260/3*s**3 - 3/2*s**2. What is the units digit of y(1)?
6
Suppose c + 10 = 4. Let f = c + 9. What is the tens digit of 6/f*(-1 + 8)?
1
Let k = -25619 + 57339. What is the hundreds digit of k?
7
Let w = -629 + 1028. Suppose w = r - 0*r. What is the hundreds digit of r?
3
Let c(m) = m**3 + 6*m**2 + 2*m + 3. Let z be c(-4). Let h(u) = u**2 - 9. Let j be h(4). Suppose z = w + j. What is the units digit of w?
0
Let k = 162 - 143. Suppose k*q - 15*q = 2308. What is the tens digit of q?
7
Suppose 51217 = 4*m - 3*q, 4*m + m = -5*q + 64030. What is the ten thousands digit of m?
1
Let d be 12/(-7)*693/18. What is the units digit of 981 + d + 1 + 3?
9
Let c be (-1 + 7)*77 - 4/1. Suppose -c = 25*y - 27*y. What is the units digit of y?
9
Let b(h) be the first derivative of -68*h**2 - 304*h - 5. What is the hundreds digit of b(-14)?
6
What is the hundreds digit of 4832 + 0 + (-729)/189 + (-12)/(-14)?
8
Suppose 403*f - 369*f - 67694 = 0. What is the units digit of f?
1
Let w(b) = -283*b + 327. What is the hundreds digit of w(-18)?
4
Suppose -3*p = 3*s - 12135, -5*s - 4*p + 10921 + 9305 = 0. What is the units digit of s?
6
Let l = -8 + -510. Let r = l + 1083. What is the units digit of r?
5
Let i = 77 - 80. Let c be 25 + i - (1/(-1) + -2). Let v = 139 + c. What is the units digit of v?
4
Let l(r) = -3*r**3 - 1. Let c be l(-1). Let z(d) = 81*d - 45 + 8 + 15 + 17. What is the hundreds digit of z(c)?
1
Let z(x) = -7*x + 37. Let b be z(5). Suppose -246 = -4*n + 2*q, -2*n = -7*q + b*q - 127. What is the units digit of n?
1
What is the units digit of 1 + (-291632)/(-10) - 150/125?
3
What is the thousands digit of -29 - (-932)/32 - (-776510)/16?
8
Suppose -14 = -5*q + 6, f + 1161 = -2*q. Let j = -474 - f. What is the units digit of j?
5
Let u(k) = 3*k**2 - 132*k - 1965. What is the hundreds digit of u(-76)?
3
Let w(n) = -n + 1. Let i(x) = 9*x + 49. Let l(y) = i(y) + 5*w(y). Let f(p) = -45*p - 594. Let u(c) = 5*f(c) + 54*l(c). What is the units digit of u(-9)?
7
What is the thousands digit of 80296/(-20)*(-750)/100?
0
Let o = -16 + 29. Suppose 3*l - 5*m - 1725 = 0, -4*l - 18*m + 2265 = -o*m. What is the tens digit of l?
7
Let a be (-1 + 1)/(1 - 0). Suppose a = -5*m + 3223 - 908. What is the hundreds digit of m?
4
Let c(z) be the first derivative of 2*z**3/3 + 23*z**2 - 22*z + 6. What is the units digit of c(-32)?
4
Let j = 39484 + -18089. What is the ten thousands digit of j?
2
Let y be 197/11 - (-1)/(-33)*-3. Suppose -y*a + 14*a = -1092. What is the hundreds digit of a?
2
What is the tens digit of 2 + -14 - -2 - 973152/(-24)?
3
Suppose -661806 = 93*d - 3089664. What is the hundreds digit of d?
1
Let w = 28434 + 7141. What is the hundreds digit of w?
5
Suppose z - 2945 = -2*j + 2985, 0 = -3*z + 4*j + 17750. What is the hundreds digit of z?
9
Let k(i) = 59*i**2 - 5*i + 6. Let v be k(-5). Let g = v - 460. What is the tens digit of g?
4
Let q = 11798 + -4519. What is the hundreds digit of q?
2
Suppose -2*z = 5*g - 2505, -9 = -g - 12. What is the tens digit of z?
6
Let f(o) = -o**2 + 6*o + 3. Let r be f(6). Let i be -15*((-30)/36)/(2/4). Suppose 0 = 5*p - i, -2*x = r*p - 267 + 42. What is the units digit of x?
5
Suppose -4*a - 3*f + 7 = -28, -3*a = -5*f + 10. Suppose 3*g = -g + 4*m + 760, g - 186 = a*m. What is the units digit of g?
1
Let l be -28*(-65 - (-12)/3)*-1. Let o = -776 - l. What is the hundreds digit of o?
9
Let m(h) = -185*h - 2. Suppose 22 = b + 5*o, -4 = -3*o + 11. What is the units digit of m(b)?
3
Suppose -9*s + 2569 = 5*w - 43986, -2*w - 3*s = -18622. What is the units digit of w?
1
Let y be 0/2 + -12 + -66. Let u = 160 + y. Suppose -3*w + u = -w. What is the units digit of w?
1
Let x(t) = 10*t**3 + t**2 - 6*t - 6. Let z be x(-1). What is the hundreds digit of (-31844)/(-114) + (6/z)/2?
2
Let s(b) = 3*b**3 + 24*b**2 - 33. Let y be s(-7). Let h(d) = 10*d**2 - 3*d - 1. Let i be h(-3). Suppose -2*n + i = -y. What is the hundreds digit of n?
1
Suppose -3*r + 86574 = 2*w, 0 = -3*w + 7*w + 2*r - 173124. What is the thousands digit of w?
3
Suppose 10*r + 20*r + 3857058 = 204*r. What is the units digit of r?
7
Suppose 30 - 45 = -5*p. Suppose 21*y + 5 = 22*y. Suppose -p*z = -0*z + y*g - 621, -4*z = g - 828. What is the units digit of z?
7
Let o(g) = 1613*g - 3565. What is the thousands digit of o(11)?
4
Let z(f) = f**3 - 3*f**2 - 6*f + 8. Suppose y + 2 = -0, -5*y = -p + 17. What is the hundreds digit of z(p)?
1
Suppose 31 = 2*n + 5*y, n - 3*y = 2*n - 17. Suppose 2*d = n*d - 66. Suppose -d*p + 18*p = 1603. What is the units digit of p?
9
Let s = -134339 + 192155. What is the thousands digit of s?
7
Let d = 8904 + -3739. What is the units digit of d?
5
What is the hundreds digit of (-18 - (-850)/51)*(-18)/(-8) + 1786?
7
Suppose 100 = 5*c + 4*y, 3*c - 4*y = 19 + 9. Suppose -2233 = -c*k + 9*k. What is the tens digit of k?
1
Let x be (63*-2)/((-27)/2394). Suppose -4*a = 10*a - x. What is the units digit of a?
8
Let a = 7 + -7. Suppose -z - 7*z = 4*z. Suppose 3*r + 0*r - m - 79 = a, z = 3*r - 5*m - 59. What is the tens digit of r?
2
Suppose -44*h + 24 = -36*h. What is the tens digit of 3/(-39) + (-10310)/(-13) - h?
9
Let b(w) = 56*w**2 + 20*w + 181. What is the thousands digit of b(-8)?
3
Let v be (-129395)/(-3) + 20/(-12). What is the tens digit of (-5)/(-2) - v/(-76)?
7
Suppose -3*x + 6 = 0, -56*x = 5*p - 61*x - 136950. What is the units digit of p?
2
Suppose 3*a = 5*n - 24, -2*a = -n - 0*a + 9. Suppose n*u - 558 = -6*u. Let s = 8 + u. What is the units digit of s?
0
Let c be 363/15 + (-4)/20. Suppose -2*r - c = -30. Suppose -r*g + 7*g = 288. What is the tens digit of g?
7
Suppose -3*f + 4*u = -26117, 313*f + 8711 = 314*f - 4*u. What is the units digit of f?
3
Let n(g) = -g**2 - 38*g - 36. Let y be n(-17). What is the units digit of (-26)/(-26)*(0 + y)?
1
Let k = 3873 - 1021. What is the hundreds digit of k?
8
Suppose 5*g - 14 = 4*j + 3*g, -4*g + 4 = -2*j. Let w be (-13 + 1)*j/8. Suppose 3*r = 4*i - 400, -505 = i - w*i + 5*r. What is the tens digit of i?
9
Let k(n) = 6*n + 6189*n**2 - n**3 + 13 - 6188*n**2 + 0*n**3 - 2*n**3. What is the tens digit of k(-2)?
2
Let x = 376 + -381. What is the hundreds digit of (-621)/(-15)*(x - -4)*-5?
2
Suppose 80 = 4*f + 4*x, -2*f - 4*x + 22 = -16. Suppose -13*w + f = -1448. What is the units digit of w?
3
Suppose 783196 + 177769 + 833875 = 60*v. What is the thousands digit of v?
9
Suppose 5*o - 19 = -5*m + 51, -2*o + 43 = 5*m. Suppose 1232 = o*v + 224. What is the units digit of v?
2
Suppose -17*s - 1569408 = -17*s - 67*s. What is the units digit of s?
4
Let g be (-60354)/(-28)*-4*(-1)/(-6). Let q = g + 2483. What is the hundreds digit of q?
0
Let s(t) = t**3 - 36*t**2 + 9*t - 341. What is the hundreds digit of s(45)?
2
Let p be (-6)/(-4)*1 - (-8817)/6. Suppose p + 1031 = 9*u. What is the units digit of u?
8
Suppose 5*g - 280 = 10*g. Let y = g + 58. Suppose i - 82 = -3*u, -5*u + y*u + 6 = 0. What is the units digit of i?
6
Let h(u) be the third derivative of 1/60*u**5 + 7/24*u**4 + 0*u - 20*u**2 + 0 - 5/2*u**3. What is the units digit of h(6)?
3
Suppose 0 = -274*r + 275*r - 22. Let p be r - 17 - (0 - (0 + 0)). Suppose -5*z + 552 = p*o - o, -2 = o. What is the tens digit of z?
1
Suppose 0 = -25*j + 12*j + 108848 + 17720. What is the thousands digit of j?
9
Let g(r) = 311*r**2 - 53*r + 446. What is the ten thousands digit of g(9)?
2
Let h = -406 - -226. Let n = 309 + h. Suppose 6*d - n - 219 = 0. What is the tens digit of d?
5
Let c be (-105)/30 - 2/(-4). Let o be (c - 0 - -98) + -2. Suppose -y - 3*m + 4*m + o = 0, -2*y = 2*m - 194. What is the units digit of y?
5
Let s = -556 - -1678. What is the hundreds digit of s?
1
Suppose 16*a - 12*a - z = 9237, 3*a = 4*z + 6918. Suppose 5*b - x - a - 691 = 0, 3*b + x = 1807. What is the units digit of b?
1
Let l = -5145 - -2082. What is the hundreds digit of 106/159*(-4)/(8/l)?
0
Let r = -893 - -5712. What is the hundreds digit of r?
8
Suppose 0 = 5*v + m - 75711, 0 = -3*m - 35 + 53. What is the thousands digit of v?
5
Suppose -6655516 - 4304447 = -464*x + 9755781. What is the hundr